d 8036.
28
Calculate the greatest common divisor of 3650 and 59714.
146
What is the greatest common divisor of 22970 and 370?
10
What is the highest common factor of 22046 and 146?
146
Calculate the greatest common factor of 8976 and 1782.
66
What is the greatest common factor of 804 and 16214?
134
What is the greatest common factor of 3 and 1013?
1
What is the highest common factor of 120595 and 712?
89
What is the greatest common divisor of 476 and 318682?
238
Calculate the greatest common factor of 114 and 82794.
6
What is the greatest common factor of 112646 and 1510?
302
What is the greatest common factor of 14 and 410578?
14
What is the greatest common divisor of 324 and 99063?
81
Calculate the greatest common factor of 210 and 545475.
105
Calculate the greatest common divisor of 3999 and 3162.
93
Calculate the greatest common factor of 223428 and 344.
172
What is the highest common factor of 1170045 and 1926?
963
What is the highest common factor of 3568 and 53966?
446
What is the greatest common factor of 85784 and 24?
8
Calculate the highest common divisor of 91744 and 31232.
1952
Calculate the greatest common divisor of 4 and 37243.
1
Calculate the greatest common factor of 110928 and 432.
48
Calculate the greatest common divisor of 5069 and 21127.
37
What is the greatest common divisor of 10245 and 45?
15
What is the greatest common factor of 1392 and 7248?
48
What is the greatest common factor of 1209 and 19716?
93
What is the greatest common factor of 11285446 and 3846?
1282
Calculate the greatest common divisor of 1653 and 23577.
87
What is the highest common divisor of 4434 and 12?
6
Calculate the greatest common divisor of 1917 and 2187.
27
Calculate the greatest common factor of 164360 and 420.
140
What is the highest common factor of 24 and 22812?
12
Calculate the highest common factor of 341527 and 4991.
713
Calculate the greatest common divisor of 28853 and 44.
11
What is the greatest common divisor of 21086 and 6?
2
Calculate the greatest common factor of 1917 and 107946.
27
Calculate the greatest common divisor of 68641 and 166.
83
What is the highest common divisor of 1155725 and 175?
25
What is the highest common factor of 59000 and 80?
40
What is the greatest common divisor of 10112 and 832?
64
What is the highest common divisor of 6984 and 564?
12
What is the greatest common factor of 1989 and 19431?
153
What is the highest common factor of 209364 and 584?
292
What is the greatest common divisor of 3634678 and 1006?
1006
What is the highest common factor of 2156 and 9548?
308
What is the highest common factor of 190 and 395?
5
What is the highest common divisor of 1040 and 11895?
65
Calculate the greatest common divisor of 37 and 73741.
37
What is the highest common divisor of 32489 and 212?
53
What is the greatest common factor of 5335 and 15565?
55
Calculate the highest common factor of 1253 and 19511.
179
What is the highest common factor of 2146 and 18328?
58
What is the greatest common divisor of 3996 and 262737?
999
Calculate the greatest common factor of 138 and 4080.
6
Calculate the highest common divisor of 2039 and 11220617.
2039
Calculate the greatest common factor of 4572 and 792.
36
Calculate the highest common factor of 371 and 601338.
53
What is the greatest common factor of 276 and 164588?
92
What is the highest common factor of 14 and 165494?
14
Calculate the greatest common divisor of 164439 and 4719.
363
What is the highest common factor of 1408 and 78320?
176
Calculate the highest common divisor of 154822 and 1194.
398
What is the greatest common factor of 360566 and 695?
139
What is the greatest common divisor of 185518 and 218?
218
What is the greatest common factor of 369 and 375?
3
What is the highest common divisor of 2916311 and 59?
59
What is the highest common divisor of 360 and 55365?
15
Calculate the greatest common factor of 19 and 3968283.
19
Calculate the greatest common factor of 78 and 47229.
39
Calculate the greatest common divisor of 88 and 173206.
22
What is the greatest common factor of 20574 and 1098?
18
What is the highest common divisor of 45 and 3249?
9
Calculate the greatest common divisor of 594 and 217107.
297
What is the greatest common factor of 4368 and 4888?
104
Calculate the greatest common factor of 3668 and 3152646.
1834
Calculate the highest common divisor of 5300 and 97732.
212
Calculate the highest common divisor of 1283125 and 625.
625
Calculate the highest common factor of 2196 and 1410198.
366
What is the greatest common factor of 161 and 266189?
7
What is the highest common divisor of 6115 and 20?
5
Calculate the greatest common divisor of 53020 and 440.
220
What is the highest common divisor of 49635 and 45?
45
Calculate the highest common divisor of 47621 and 7.
7
Calculate the highest common factor of 670 and 5218630.
670
Calculate the greatest common divisor of 16214 and 1072.
134
Calculate the highest common factor of 6 and 190479.
3
What is the highest common factor of 1891 and 1098?
61
Calculate the highest common factor of 1580 and 698044.
316
Calculate the greatest common divisor of 16872 and 209.
19
What is the greatest common factor of 20 and 47864?
4
Calculate the greatest common factor of 6099 and 57459.
321
What is the highest common factor of 1025 and 575?
25
Calculate the highest common divisor of 1326 and 3040076.
442
Calculate the greatest common divisor of 8827 and 21.
7
Calculate the greatest common divisor of 616 and 165676.
28
What is the greatest common factor of 126 and 447741?
63
What is the greatest common divisor of 3753 and 3294?
27
Calculate the highest common divisor of 4860 and 262602.
162
Calculate the highest common divisor of 16281 and 2268.
81
Calculate the greatest common factor of 346 and 720718.
346
Calculate the highest common factor of 693 and 482097.
231
What is the greatest common factor of 319 and 318318?
11
Calculate the greatest common factor of 8085504 and 987.
987
Calculate the greatest common factor of 35 and 43827.
7
Calculate the highest common divisor of 2266 and 24514.
206
What is the greatest common divisor of 27 and 189531?
9
What is the highest common factor of 414439 and 31?
31
Calculate the highest common divisor of 274 and 181114.
274
What is the highest common divisor of 2 and 4993?
1
Calculate the greatest common divisor of 48440 and 84.
28
What is the highest common divisor of 16393 and 15908?
97
Calculate the highest common factor of 31 and 1144489.
31
What is the greatest common factor of 7091 and 413?
7
Calculate the greatest common divisor of 1161 and 8815.
43
Calculate the highest common divisor of 762 and 145923.
381
Calculate the highest common factor of 225 and 62145.
45
What is the highest common factor of 38 and 1407767?
19
What is the highest common divisor of 332 and 4026330?
166
What is the greatest common factor of 105 and 21?
21
Calculate the highest common factor of 1016 and 591566.
254
What is the greatest common divisor of 543 and 110953?
181
What is the greatest common divisor of 1750 and 235000?
250
Calculate the highest common divisor of 459 and 65097.
27
What is the highest common divisor of 3710 and 60473?
371
What is the highest common divisor of 163100 and 400?
100
Calculate the greatest common factor of 924 and 226128.
84
What is the highest common divisor of 7259 and 31171?
427
Calculate the highest common divisor of 146775 and 1125.
75
Calculate the greatest common divisor of 1182 and 11461854.
1182
Calculate the highest common factor of 229 and 3.
1
Calculate the highest common factor of 145520 and 65270.
1070
Calculate the greatest common divisor of 35 and 76811.
7
What is the highest common divisor of 1561 and 707?
7
Calculate the highest common divisor of 38855 and 475.
95
Calculate the greatest common divisor of 36 and 450588.
12
What is the highest common divisor of 21 and 2106?
3
What is the highest common factor of 6432 and 16281?
201
What is the greatest common factor of 53126 and 15254?
526
Calculate the greatest common factor of 1880 and 117265.
235
Calculate the greatest common factor of 3 and 493989.
3
Calculate the greatest common divisor of 198 and 1036134.
198
Calculate the greatest common factor of 27 and 19026.
9
Calculate the greatest common factor